-18
Let m(d) = -432*d - 150504. Calculate m(-348).
-168
Let k(m) = m**3 - 261*m**2 + 1048*m - 3321. Give k(257).
1819
Let f(i) = -577*i - 66318. Determine f(-115).
37
Let n(b) = 2*b**2 - 134*b + 2153. Give n(42).
53
Let t(n) = 1024*n**2 - 39982*n + 1801. Determine t(39).
7
Let c(h) = 476*h + 133284. Give c(-280).
4
Let a(j) = -851*j + 1496. What is a(2)?
-206
Let b(a) = 19*a**2 - 418*a - 3836. Give b(29).
21
Let f(w) = -w**2 + 397*w - 38351. Calculate f(227).
239
Let a(n) = -4*n**2 - 876*n - 7006. Give a(-8).
-254
Let q(z) = 7*z**2 - 2551*z + 7640. What is q(3)?
50
Let d(p) = -10*p**2 + 470*p - 908. Calculate d(46).
-448
Let b(x) = 7850*x - 769301. Determine b(98).
-1
Let n(v) = -v**3 - 13*v**2 - 71*v + 540. Determine n(4).
-16
Let q(c) = 61*c - 1910. Calculate q(64).
1994
Let d(f) = 10548*f + 63396. Calculate d(-6).
108
Let s(z) = -3*z**3 + 24*z**2 + 427*z + 420. Give s(17).
-124
Let g(u) = -870*u - 77478. What is g(-89)?
-48
Let z(d) = 14*d**2 + 9332*d - 37316. Determine z(4).
236
Let s(b) = b**3 - 18*b**2 + 61*b - 101. Give s(13).
-153
Let i(b) = b**3 + 484*b**2 - 4813*b - 675611. Calculate i(-491).
5
Let s(u) = 251*u + 12325. Calculate s(-49).
26
Let l(k) = k**2 + 144*k - 48178. Calculate l(-303).
-1
Let n(y) = -126*y**2 - 575*y + 1088. What is n(-6)?
2
Let a(m) = -52*m**2 - 544*m - 1352. Give a(-4).
-8
Let h(w) = w**2 - 1817*w + 636527. Give h(474).
-55
Let t(b) = -b**3 + 104*b**2 + 10*b + 2346. Calculate t(0).
2346
Let d(o) = -19368*o + 309934. Calculate d(16).
46
Let u(i) = -2911*i + 26190. Determine u(9).
-9
Let d(g) = 19*g**3 - 255*g**2 + 24*g - 168. What is d(14)?
2324
Let p(g) = g**3 - 3828*g**2 + 7641*g + 21. Calculate p(2).
-1
Let v(x) = x**3 + 365*x**2 + 1091*x - 12. Give v(-3).
-27
Let z(t) = t**3 - 53*t**2 + 688*t - 203. What is z(24)?
-395
Let y(m) = -26*m**2 + 252*m - 613. Give y(5).
-3
Let o(y) = -7*y**2 + 62*y + 76. Determine o(8).
124
Let w(m) = m**3 + 3*m**2 - 91*m - 207. Calculate w(-11).
-174
Let s(p) = -266*p**2 - 189*p + 5. Give s(-1).
-72
Let c(t) = t**3 + 78*t**2 - 978*t + 115. Give c(-89).
26
Let m(a) = 8701*a + 1270324. Determine m(-146).
-22
Let r(d) = 98*d + 514. Calculate r(6).
1102
Let m(b) = -b**3 + 136*b**2 - 1372*b - 375. Calculate m(125).
0
Let v(x) = 3608*x - 349941. Calculate v(97).
35
Let y(i) = 3532*i**2 + 38710*i - 1576. Give y(-11).
-14
Let u(h) = 1190*h - 8335. Calculate u(6).
-1195
Let d(p) = p**3 - 109*p**2 + 2054*p - 24385. Determine d(89).
1
Let x(n) = n**3 - 884*n**2 + 68630*n - 172. Give x(86).
0
Let i(p) = -p**3 + 68*p**2 + 45*p + 1867. Determine i(69).
211
Let l(q) = 2*q**2 - 132*q - 3808. What is l(88)?
64
Let y(r) = r**2 - 6*r - 213. Determine y(26).
307
Let v(p) = 8*p**2 - 979*p - 3836. Calculate v(-4).
208
Let w(v) = -42719*v - 213608. Determine w(-5).
-13
Let c(n) = -5*n**3 + 92*n**2 - 48*n + 238. Determine c(18).
22
Let a(y) = 779*y + 64641. Determine a(-82).
763
Let a(o) = -o**3 + 70*o**2 - 393*o + 613. Determine a(64).
37
Let d(x) = 6*x**2 - 395*x - 3986. Give d(-10).
564
Let l(y) = 217*y + 10425. Calculate l(-48).
9
Let z(u) = 3*u**3 - 116*u**2 + 1070*u - 61. Determine z(14).
415
Let p(j) = -j**2 - 59623*j - 655747. Give p(-11).
-15
Let u(i) = 2*i**2 - 4592*i - 106675. Calculate u(-23).
-1
Let q(z) = -z**3 - 379*z**2 - 840*z - 32436. Determine q(-377).
-14
Let x(p) = 10978*p + 42052. Calculate x(-4).
-1860
Let a(y) = -24663*y + 517920. Determine a(21).
-3
Let m(f) = -34*f**2 - 461*f + 2635. Calculate m(5).
-520
Let n(y) = y**3 + 31*y**2 + 2203*y + 74914. What is n(-33)?
37
Let k(h) = 17144*h - 85863. Give k(5).
-143
Let a(w) = 2224*w + 15512. Calculate a(-7).
-56
Let l(j) = -j**2 + 15460*j - 92741. What is l(6)?
-17
Let i(r) = -11*r**2 + 45*r + 132. What is i(15)?
-1668
Let l(k) = k**3 + 1247*k**2 - 271402*k - 371. What is l(189)?
7
Let i(g) = -16747*g - 3751304. Calculate i(-224).
24
Let v(f) = 2968*f + 20218. Give v(-7).
-558
Let h(l) = 12*l**2 - 1846*l + 1549. Give h(153).
19
Let s(n) = 10*n**3 - 128*n**2 + 7*n + 95. Determine s(15).
5150
Let t(a) = 26*a**3 - 2*a**2 + 1707*a - 3411. Determine t(2).
203
Let c(m) = -m**3 + 49*m**2 + 369*m + 1518. Calculate c(56).
230
Let n(k) = 17*k**3 + 8571*k**2 + 1507*k - 2522. Calculate n(-504).
-2
Let q(y) = y**2 + 2439*y - 901393. What is q(326)?
-3
Let n(t) = 17*t**3 + 917*t**2 - 51*t + 162. Give n(-54).
0
Let g(z) = 460*z + 11778. Give g(-25).
278
Let p(a) = a**3 + 42*a**2 + 196*a - 77. Determine p(-13).
2276
Let z(m) = -40*m**2 + 272*m - 4. Determine z(4).
444
Let h(z) = 7*z**3 + 14*z**2 - 5*z - 28. Give h(-5).
-528
Let p(l) = -11*l**3 + 4697*l**2 - 16*l + 6837. Determine p(427).
5
Let z(p) = p**3 + 20*p**2 + 86*p + 53. Calculate z(-17).
-542
Let t(j) = 3471*j + 104051. Calculate t(-30).
-79
Let t(k) = -11943*k - 131403. What is t(-11)?
-30
Let f(v) = -16525*v - 495748. Calculate f(-30).
2
Let k(l) = 2*l**2 - 40*l - 32585. Give k(-118).
-17
Let a(o) = 8*o**3 + 8*o**2 + 68*o - 443. What is a(6)?
1981
Let h(v) = -2*v**2 - 118*v + 211. Calculate h(-57).
439
Let p(n) = 29793*n - 119102. Calculate p(4).
70
Let d(u) = -5495*u - 33193. Determine d(-6).
-223
Let a(b) = 11*b**2 - 25*b - 397. Calculate a(17).
2357
Let q(n) = -16*n**2 - 5928*n - 60512. Calculate q(-360).
-32
Let a(h) = h**2 + 22*h - 757. Calculate a(43).
2038
Let l(g) = 3*g**2 - 2186*g - 18376. Give l(737).
49
Let h(d) = -819*d**2 + 1519*d - 1520. Give h(1).
-820
Let w(f) = -4*f**3 + 29*f**2 + 23*f - 56. Give w(9).
-416
Let l(b) = -b**3 - 21*b**2 + 585*b + 12252. Determine l(-24).
-60
Let i(a) = -695471*a - 31296199. Calculate i(-45).
-4
Let r(x) = -162837*x + 6513497. Calculate r(40).
17
Let b(k) = -6*k**2 - 242*k + 863. Give b(-44).
-105
Let k(v) = -4402*v - 655910. Give k(-149).
-12
Let s(f) = -3*f**3 + 328*f**2 - 1358*f - 732. Determine s(105).
3
Let c(z) = 3*z**2 - 2090*z + 177526. Give c(99).
19
Let u(i) = -57474*i - 3965705. What is u(-69)?
1
Let w(v) = -16203*v + 388843. Calculate w(24).
-29
Let k(r) = r**2 - 10735*r - 767235. Calculate k(-71).
-9
Let k(w) = 2*w**3 - 42*w**2 - 18344*w + 5158. What is k(-86)?
-2
Let q(f) = 1334*f - 86771. What is q(65)?
-61
Let k(u) = 98*u - 3121. What is k(24)?
-769
Let x(f) = -f**2 + 146*f + 1174. Give x(-11).
-553
Let f(b) = -11*b**2 - 1804*b - 3868. Determine f(-162).
-304
Let w(p) = -2*p**3 + 109*p**2 + 288*p - 12834. Give w(55).
-19
Let z(g) = -5*g**2 - 1173*g + 133822. What is z(84)?
10
Let p(o) = -o**2 - 11151*o - 89077. What is p(-8)?
67
Let i(q) = q**3 - 205*q**2 + 2687*q - 8323. Determine i(9).
-16
Let l(g) = 147*g + 4349. Calculate l(-23).
968
Let p(u) = 3*u**2 - 414*u - 3203. Determine p(-7).
-158
Let d(r) = 145*r - 21518. Give d(150).
232
Let z(q) = -38*q**2 + 42*q - 79. Determine z(2).
-147
Let u(f) = -5473*f - 1419. What is u(-1)?
4054
Let x(r) = -296*r**2 + 8*r + 10. Calculate x(2).
-1158
Let o(b) = -4*b**3 + 32*b**2 - 126*b + 137. Determine o(5).
-193
Let u(r) = -5*r**3 + 64*r**2 + 7*r - 352. Calculate u(0).
-352
Let u(r) = 13*r**2 + 2504*r - 10285. Give u(4).
-61
Let b(p) = 6198*p - 25121. What is b(4)?
-329
Let i(z) = -4*z**2 - 346*z + 164. Give i(-91).
-1474
Let p(s) = s**3 + 14*s**2 - 591*s - 9118. What is p(-17)?
62
Let q(c) = -c**2 + 7728*c + 287310. What is q(-37)?
5
Let t(k) = 4*k**2 + 616*k - 11333. Determine t(16).
-453
Let s(k) = k**3 + 60*k**2 + 3338*k + 162778. Determine s(-54).
22
Let j(z) = 865*z**2 + 16*z + 5. Calculate j(-1).
854
Let k(v) = 2*v**2 - 3181*v + 25321. Give k(8).
1
Let m(u) = -491*u - 11178. Calculate m(-22).
-376
Let a(b) = 2*b**2 - 810*b + 81759. Determine a(197).
-193
Let h(b) = 11464974*b - 22929949. What is h(2)?
-1
Let p(u) = u**3 + 107*u**2 + 433*u + 1173. Determine p(-103).
-990
Let l(f) = 41674*f + 750158. Give l(-18).
26
Let f(j) = 12*j**2 + 860*j + 2539. Calculate f(-68).
-453
Let p(c) = -2*c**3 + 9*c**2 + 119*c + 10. What is p(-8)?
658
Let l(j) = 6116*j - 171251. What is l(28)?
-3
Let l(q) = -2*q**3 + 38*q**2 + 99*q + 88. Give l(22).
-638
Let j(t) = -7*t**2 - 8338*t - 24956. Determine j(-3).
-5
Let c(y) = 16*y**2 + 946*y - 697. Calculate c(-60).
143
Let j(c) = 2*c**3 + 7*c**2 + 37*c + 16. Give j(-3).
-86
Let z(i) = 6*i**2 - 385*i - 3393. Calculate z(72).
-9
Let g(u) = 280*u**2 + 151*u - 154. Give g(1).
277
Let i(z) = 5136*z + 92502. Give i(-18).
54
Let r(q) = 4302*q - 176448. Det